{"id":38,"date":"2011-12-20T08:44:03","date_gmt":"2011-12-20T08:44:03","guid":{"rendered":"http:\/\/www.blog.kaleidoskop-aha.de\/?page_id=38"},"modified":"2011-12-21T18:24:54","modified_gmt":"2011-12-21T18:24:54","slug":"willkommen","status":"publish","type":"page","link":"https:\/\/blog.kaleidoskop-aha.de\/?page_id=38","title":{"rendered":"Willkommen"},"content":{"rendered":"<p>Auf meiner Blog-Seite m\u00f6chte ich Sie herzlich begr\u00fc\u00dfen. Dieser Blog ist auch von meiner Webseite <a href=\"http:\/\/www.kaleidoskop-aha.de\">www.kaleidoskop-aha.de<\/a> aus zu erreichen. Mein Blog spiegelt auch teilweise den Inhalt der Webseite wider und m\u00f6chte zus\u00e4tzliche Informationen dazu bereit stellen. Mit einem breit gef\u00e4cherten Themenspektrum hoffe ich, dass dadurch eine interessante Mischung von aktuellen Themen aus dem t\u00e4glichen Leben und Themen aus meiner Webseite entsteht und\u00a0so ihr Interesse geweckt wird. Schauen Sie sich in Ruhe in meinem Blog um und bedenken Sie, dass noch nicht alle Kategorien im rechten Men\u00fc auftauchen, weil f\u00fcr die fehlenden Kategorien noch\u00a0kein Artikeln geschrieben wurden. Das ergibt sich erst nach und nach, so wie es einen Anlass zum Schreiben gibt. Ich w\u00fcnsche ihnen viel Spa\u00df beim St\u00f6bern.<\/p>\n<p>Klicken Sie bitte zum START auf &#8222;Der Blog aus Aachen&#8220;!<\/p>\n<p>Es gr\u00fc\u00dft herzlich ihr<\/p>\n<p>Wolfgang<\/p>\n","protected":false},"excerpt":{"rendered":"<p>Auf meiner Blog-Seite m\u00f6chte ich Sie herzlich begr\u00fc\u00dfen. Dieser Blog ist auch von meiner Webseite www.kaleidoskop-aha.de aus zu erreichen. Mein Blog spiegelt auch teilweise den Inhalt der Webseite wider und m\u00f6chte zus\u00e4tzliche Informationen dazu bereit stellen. Mit einem breit gef\u00e4cherten &hellip; <a href=\"https:\/\/blog.kaleidoskop-aha.de\/?page_id=38\">Weiterlesen <span class=\"meta-nav\">&rarr;<\/span><\/a><\/p>\n","protected":false},"author":1,"featured_media":0,"parent":0,"menu_order":0,"comment_status":"open","ping_status":"closed","template":"","meta":{"footnotes":""},"class_list":["post-38","page","type-page","status-publish","hentry"],"_links":{"self":[{"href":"https:\/\/blog.kaleidoskop-aha.de\/index.php?rest_route=\/wp\/v2\/pages\/38","targetHints":{"allow":["GET"]}}],"collection":[{"href":"https:\/\/blog.kaleidoskop-aha.de\/index.php?rest_route=\/wp\/v2\/pages"}],"about":[{"href":"https:\/\/blog.kaleidoskop-aha.de\/index.php?rest_route=\/wp\/v2\/types\/page"}],"author":[{"embeddable":true,"href":"https:\/\/blog.kaleidoskop-aha.de\/index.php?rest_route=\/wp\/v2\/users\/1"}],"replies":[{"embeddable":true,"href":"https:\/\/blog.kaleidoskop-aha.de\/index.php?rest_route=%2Fwp%2Fv2%2Fcomments&post=38"}],"version-history":[{"count":4,"href":"https:\/\/blog.kaleidoskop-aha.de\/index.php?rest_route=\/wp\/v2\/pages\/38\/revisions"}],"predecessor-version":[{"id":50,"href":"https:\/\/blog.kaleidoskop-aha.de\/index.php?rest_route=\/wp\/v2\/pages\/38\/revisions\/50"}],"wp:attachment":[{"href":"https:\/\/blog.kaleidoskop-aha.de\/index.php?rest_route=%2Fwp%2Fv2%2Fmedia&parent=38"}],"curies":[{"name":"wp","href":"https:\/\/api.w.org\/{rel}","templated":true}]}}