{"id":15,"date":"2011-12-19T17:06:25","date_gmt":"2011-12-19T17:06:25","guid":{"rendered":"http:\/\/www.blog.kaleidoskop-aha.de\/?page_id=15"},"modified":"2012-01-15T15:26:51","modified_gmt":"2012-01-15T15:26:51","slug":"netiquette","status":"publish","type":"page","link":"https:\/\/blog.kaleidoskop-aha.de\/?page_id=15","title":{"rendered":"Blog-Netiquette"},"content":{"rendered":"<p><em>Einleitung<\/em><\/p>\n<p>Im BLOG der Webseite \u201eKaleidoskop-aha\u201c k\u00f6nnen die ver\u00f6ffentlichten Beitr\u00e4ge der Autoren kommentiert werden. Wir w\u00fcnschen uns einen offenen, sachlichen und kritischen Dialog und Gedankenaustausch zwischen den Autoren und den Kommentatoren. Deswegen ist es wichtig, dass ein netter und fairer Umgangston mit dazu geh\u00f6rt und eine Grundlage aller erstellten Texte ist. Daher ein paar Hinweise zur BLOG-Netiquette.<\/p>\n<p><em>Zugang<\/em><\/p>\n<p>Es k\u00f6nnen nur Kommentare verfasst werden, wenn der Nutzer seinen Namen mit der Email-Adresse in die entsprechenden Textfelder eintr\u00e4gt.<\/p>\n<p>Falls Sie einen Zugang als Autor bekommen m\u00f6chten, melden Sie sich bitte per Email bei mir, und ich informiere Sie \u00fcber die Bedingungen. Die Informationen f\u00fcr den Zugang, also einschlie\u00dflich Passwort, bekommen Sie dann an ihre Email-Adresse zugeschickt.<\/p>\n<p><a href=\"mailto:wm@kaleidoskop-aha.de\">wm@kaleidoskop-aha.de<\/a><\/p>\n<p><em>Inhalte<\/em><\/p>\n<p>Ein Kommentator darf nur Inhalte ver\u00f6ffentlichen, die sein geistiges Eigentum sind und keine Nutzungsrechte verletzen. Bitte ver\u00f6ffentlichen Sie nur Texte, die in direktem Zusammenhang mit dem Thema stehen. Der BLOG-Inhaber beh\u00e4lt sich vor unpassende Kommentare jederzeit und unangek\u00fcndigt zu k\u00fcrzen, zu l\u00f6schen oder den Kommentator vom BLOG auszuschlie\u00dfen, sofern die Beitr\u00e4ge nicht den Nutzungsbestimmungen entsprechen. Bitte verfassen Sie ihre Texte kurz und aussagef\u00e4hig. Jeder Nutzer ist f\u00fcr seine publizierten Kommentare selbst verantwortlich. Ein Anspruch auf Ver\u00f6ffentlichung besteht nicht. Jeder Kommentar wird vor der Ver\u00f6ffentlichung gepr\u00fcft und freigeschaltet.<\/p>\n<p><em>Urheberrechte<\/em><\/p>\n<p>Gehen Sie bitte sorgf\u00e4ltig mit dem geistigen Eigentum anderer um. Wenn Sie jemanden zitieren verweisen Sie bitte auf den Urheber (Nennung\/Link).<\/p>\n<p><em>Faires Miteinander<\/em><\/p>\n<p>Obwohl wir uns in einer virtuellen Welt bewegen, sollten wir nicht vergessen, dass unser Gegen\u00fcber immer eine reale Person ist. Behandeln Sie andere Nutzer so, wie Sie selbst behandelt werden m\u00f6chten. Beleidigungen oder Herabw\u00fcrdigungen sind daher absolut unerw\u00fcnscht.<\/p>\n<p><em>Ausschlusskriterien<\/em><\/p>\n<p>Verwenden Sie bei den Kommentaren keine illegalen und unethischen W\u00f6rter. Keine\u00a0 rechtsextremen, rassistischen, diskriminierenden, pornographischen,sexistischen, satanistischen, Gewalt verherrlichende, verleumderische, beleidigende, \u00fcberhebliche Beitr\u00e4ge oder \u00e4hnliches. Beachten Sie gesetzlichen Regeln. Jeder Missbrauch oder Verletzung der BLOG-Regeln f\u00fchren zum Ausschluss der Person und seiner Inhalte.<\/p>\n<p><em>Vertrauliche Angaben<\/em><\/p>\n<p>Denken Sie bitte daran, dass es sich bei dem BLOG um einen \u00f6ffentlichen Bereich im Internet handelt. \u00dcberlegen Sie genau, was ver\u00f6ffentlicht werden soll. Pers\u00f6nliche Details, Vertrauliches oder Interna geh\u00f6ren hier nicht hinein.<\/p>\n<p><em>Haftungsausschluss<\/em><\/p>\n<p>F\u00fcr die Richtigkeit oder Vollst\u00e4ndigkeit der Artikel in den einzelnen Themen \u00fcbernimmt der BLOG-Inhaber keinerlei Gew\u00e4hr. Die Kommentare zu den Beitr\u00e4gen spiegeln allein die Meinung der jeweiligen Nutzer wider.<\/p>\n<p><em>Speicherung von Daten<\/em><\/p>\n<p>Mit der Einstellung der Kommentare, sowie den Daten zur Registrierung der BLOG-Nutzung stimmen die Nutzer einer Speicherung zu. Diese Daten werden nicht kommerziell verwendet. Es gelten zudem die Bestimmungen zu Datenschutz und Jugendschutz.<\/p>\n<p><em>Impressum<\/em><\/p>\n<p>Siehe Impressum auf der Webseite dieses BLOGS: <a href=\"http:\/\/www.kaleidoskop-aha.de\/\">www.kaleidoskop-aha.de<\/a><\/p>\n<p>19.12.2011 &#8211; WM<\/p>\n","protected":false},"excerpt":{"rendered":"<p>Einleitung Im BLOG der Webseite \u201eKaleidoskop-aha\u201c k\u00f6nnen die ver\u00f6ffentlichten Beitr\u00e4ge der Autoren kommentiert werden. Wir w\u00fcnschen uns einen offenen, sachlichen und kritischen Dialog und Gedankenaustausch zwischen den Autoren und den Kommentatoren. Deswegen ist es wichtig, dass ein netter und fairer &hellip; <a href=\"https:\/\/blog.kaleidoskop-aha.de\/?page_id=15\">Weiterlesen <span class=\"meta-nav\">&rarr;<\/span><\/a><\/p>\n","protected":false},"author":1,"featured_media":0,"parent":0,"menu_order":0,"comment_status":"closed","ping_status":"closed","template":"","meta":{"footnotes":""},"class_list":["post-15","page","type-page","status-publish","hentry"],"_links":{"self":[{"href":"https:\/\/blog.kaleidoskop-aha.de\/index.php?rest_route=\/wp\/v2\/pages\/15","targetHints":{"allow":["GET"]}}],"collection":[{"href":"https:\/\/blog.kaleidoskop-aha.de\/index.php?rest_route=\/wp\/v2\/pages"}],"about":[{"href":"https:\/\/blog.kaleidoskop-aha.de\/index.php?rest_route=\/wp\/v2\/types\/page"}],"author":[{"embeddable":true,"href":"https:\/\/blog.kaleidoskop-aha.de\/index.php?rest_route=\/wp\/v2\/users\/1"}],"replies":[{"embeddable":true,"href":"https:\/\/blog.kaleidoskop-aha.de\/index.php?rest_route=%2Fwp%2Fv2%2Fcomments&post=15"}],"version-history":[{"count":10,"href":"https:\/\/blog.kaleidoskop-aha.de\/index.php?rest_route=\/wp\/v2\/pages\/15\/revisions"}],"predecessor-version":[{"id":60,"href":"https:\/\/blog.kaleidoskop-aha.de\/index.php?rest_route=\/wp\/v2\/pages\/15\/revisions\/60"}],"wp:attachment":[{"href":"https:\/\/blog.kaleidoskop-aha.de\/index.php?rest_route=%2Fwp%2Fv2%2Fmedia&parent=15"}],"curies":[{"name":"wp","href":"https:\/\/api.w.org\/{rel}","templated":true}]}}